{"id":187,"date":"2020-11-02T10:37:58","date_gmt":"2020-11-02T10:37:58","guid":{"rendered":"http:\/\/lebenshilfe-cham.de\/?page_id=187"},"modified":"2022-02-02T16:51:58","modified_gmt":"2022-02-02T16:51:58","slug":"ueber-uns","status":"publish","type":"page","link":"https:\/\/www.lebenshilfe-cham.de\/?page_id=187","title":{"rendered":"Verein"},"content":{"rendered":"\t\t<div data-elementor-type=\"wp-post\" data-elementor-id=\"187\" class=\"elementor elementor-187\" data-elementor-settings=\"[]\">\n\t\t\t\t\t\t<div class=\"elementor-inner\">\n\t\t\t\t\t\t\t<div class=\"elementor-section-wrap\">\n\t\t\t\t\t\t\t<section class=\"elementor-section elementor-top-section elementor-element elementor-element-1e0ed79f elementor-section-boxed elementor-section-height-default elementor-section-height-default\" data-id=\"1e0ed79f\" data-element_type=\"section\">\n\t\t\t\t\t\t<div class=\"elementor-container elementor-column-gap-default\">\n\t\t\t\t\t\t\t<div class=\"elementor-row\">\n\t\t\t\t\t<div class=\"elementor-column elementor-col-100 elementor-top-column elementor-element elementor-element-10308f60\" data-id=\"10308f60\" data-element_type=\"column\">\n\t\t\t<div class=\"elementor-column-wrap elementor-element-populated\">\n\t\t\t\t\t\t\t<div class=\"elementor-widget-wrap\">\n\t\t\t\t\t\t<div class=\"elementor-element elementor-element-123018ee elementor-widget elementor-widget-spacer\" data-id=\"123018ee\" data-element_type=\"widget\" data-widget_type=\"spacer.default\">\n\t\t\t\t<div class=\"elementor-widget-container\">\n\t\t\t\t\t<div class=\"elementor-spacer\">\n\t\t\t<div class=\"elementor-spacer-inner\"><\/div>\n\t\t<\/div>\n\t\t\t\t<\/div>\n\t\t\t\t<\/div>\n\t\t\t\t\t\t<\/div>\n\t\t\t\t\t<\/div>\n\t\t<\/div>\n\t\t\t\t\t\t\t\t<\/div>\n\t\t\t\t\t<\/div>\n\t\t<\/section>\n\t\t\t\t<section class=\"elementor-section elementor-top-section elementor-element elementor-element-5c3c22b9 elementor-section-boxed elementor-section-height-default elementor-section-height-default\" data-id=\"5c3c22b9\" data-element_type=\"section\">\n\t\t\t\t\t\t<div class=\"elementor-container elementor-column-gap-default\">\n\t\t\t\t\t\t\t<div class=\"elementor-row\">\n\t\t\t\t\t<div class=\"elementor-column elementor-col-100 elementor-top-column elementor-element elementor-element-7319f2f0\" data-id=\"7319f2f0\" data-element_type=\"column\">\n\t\t\t<div class=\"elementor-column-wrap elementor-element-populated\">\n\t\t\t\t\t\t\t<div class=\"elementor-widget-wrap\">\n\t\t\t\t\t\t<div class=\"elementor-element elementor-element-8ef1b10 elementor-widget elementor-widget-heading\" data-id=\"8ef1b10\" data-element_type=\"widget\" data-widget_type=\"heading.default\">\n\t\t\t\t<div class=\"elementor-widget-container\">\n\t\t\t<h2 class=\"elementor-heading-title elementor-size-large\">Die Lebenshilfe Cham e.V.<\/h2>\t\t<\/div>\n\t\t\t\t<\/div>\n\t\t\t\t\t\t<\/div>\n\t\t\t\t\t<\/div>\n\t\t<\/div>\n\t\t\t\t\t\t\t\t<\/div>\n\t\t\t\t\t<\/div>\n\t\t<\/section>\n\t\t\t\t<section class=\"elementor-section elementor-top-section elementor-element elementor-element-2886989c elementor-section-boxed elementor-section-height-default elementor-section-height-default\" data-id=\"2886989c\" data-element_type=\"section\">\n\t\t\t\t\t\t<div class=\"elementor-container elementor-column-gap-default\">\n\t\t\t\t\t\t\t<div class=\"elementor-row\">\n\t\t\t\t\t<div class=\"elementor-column elementor-col-100 elementor-top-column elementor-element elementor-element-54a9bae2\" data-id=\"54a9bae2\" data-element_type=\"column\">\n\t\t\t<div class=\"elementor-column-wrap elementor-element-populated\">\n\t\t\t\t\t\t\t<div class=\"elementor-widget-wrap\">\n\t\t\t\t\t\t<div class=\"elementor-element elementor-element-6b230a1a elementor-widget elementor-widget-text-editor\" data-id=\"6b230a1a\" data-element_type=\"widget\" data-widget_type=\"text-editor.default\">\n\t\t\t\t<div class=\"elementor-widget-container\">\n\t\t\t\t\t\t\t\t<div class=\"elementor-text-editor elementor-clearfix\">\n\t\t\t\t<p>so viel mehr als nur ein Verein<\/p>\n<p><\/p>\n<p><br><\/p><p>Wir sind eine Selbsthilfevereinigung, die sich seit 1969 dem Wohl von Menschen mit geistiger Behinderung verpflichtet hat. Mitglieder in unserem Verein sind Menschen mit Behinderung, Angeh\u00f6rige, rechtliche Betreuer, F\u00f6rderer und Freunde. Entsprechend gro\u00df und umfassend ist der Erfahrungsschatz, auf den wir f\u00fcr unsere Arbeit zugreifen k\u00f6nnen.<\/p>\n<p><\/p>\n<p><br><\/p><p>Wir setzen uns daf\u00fcr ein, dass Menschen mit geistiger Behinderung und ihre Familien so normal wie m\u00f6glich leben k\u00f6nnen.<\/p>\n<p><\/p>\n<h2><br><\/h2><h2>Was wir machen<\/h2>\n<p><\/p>\n<p><br><\/p><p>Die Lebenshilfe Cham e.V. wurde 1969 als gemeinn\u00fctziger Verein gegr\u00fcndet. Sie ist eine unabh\u00e4ngige Selbsthilfevereinigung f\u00fcr Menschen mit Behinderung, f\u00fcr ihre Eltern und Angeh\u00f6rige, f\u00fcr Fachleute, Freunde und F\u00f6rderer.<\/p>\n<p>Die Lebenshilfe in Cham engagiert sich daf\u00fcr, dass geistig behinderte Menschen ihre Pers\u00f6nlichkeit und ihre F\u00e4higkeiten entfalten und in gr\u00f6\u00dftm\u00f6glicher Gemeinsamkeit mit allen Menschen leben k\u00f6nnen. So ist es ihr ein wesentliches Anliegen, behinderte Menschen die Selbstverwirklichung in sozialer Integration zu erm\u00f6glichen.<\/p>\n<p>Neben dem Wohnen gilt auch die Arbeit als Grundbed\u00fcrfnis des Menschen. Wir haben uns zur Aufgabe gemacht, Menschen mit Behinderung sowohl attraktive Angebote im Bereich Arbeit, als auch im Bereich Wohnen zu machen. Das haben wir mit unseren Einrichtungen die letzten Jahre hervorragend umgesetzt.<\/p>\n<p><\/p>\n<p>Unsere Wirkungsst\u00e4tten<\/p>\n<p><\/p>\n<p><br><\/p><p>Gemeinsam mit unserem Partner vom VdK Bayern betreiben wir die Behindertenwerkst\u00e4tten Oberpfalz Betreuungs GmbH, die in Cham und der Zweigstelle in Bad K\u00f6tzting derzeit ca. 450 Menschen mit Behinderung einen attraktiven Arbeitsplatz bietet, sowie die Wolfgang- Spie\u00dfl-Wohnst\u00e4tte in Cham, die 43 Menschen mit Behinderung eine abwechslungsreiche, erf\u00fcllende Wohnform bietet. Daneben unterhalten wir als Lebenshilfe noch das Augustin-Maierhofer-Wohnheim in Cham, das 38 Menschen mit Behinderung eine begleitete und besch\u00fctzende Wohnform bietet.&nbsp; In den Werkst\u00e4tten und Wohnheimen bieten wir 170 Menschen ohne Behinderung einen sicheren und attraktiven Arbeitsplatz.<\/p>\n<p><\/p>\n<p>Unsere Ziele<\/p>\n<p><\/p>\n<p><br><\/p><p>Menschen mit geistiger Behinderung sollen so normal wie m\u00f6glich leben k\u00f6nnen und dazu jede Hilfe bekommen, die sie brauchen.<\/p>\n<p>Dieses Normalisierungsprinzip entspricht unserem Betreuungsprinzip und repr\u00e4sentiert das grundlegende Qualit\u00e4tsziel unserer Einrichtungen.<\/p>\n<p><\/p>\n<p><strong><br><\/strong><\/p><p><strong>Satzung der Lebenshilfe Cham e.V.<\/strong><\/p>\n<p><a href=\"http:\/\/lebenshilfe-cham.de\/wp-content\/uploads\/2021\/12\/Satzung_Lebenshilfe_fuer_geistig_Behinderte_eV_Cham.pdf\" target=\"_blank\" rel=\"noopener\">Satzung_Lebenshilfe_fuer_geistig_Behinderte_eV_Cham (84 KB | PDF)<br><\/a><\/p>\n<p><\/p>\n<div>\n<p><strong><br><\/strong><\/p><p><strong>Satzung der Augustin-Maierhofer-Wohnheim gGmbH<\/strong><\/p>\n<p><a href=\"http:\/\/lebenshilfe-cham.de\/wp-content\/uploads\/2021\/12\/Satzung_Augustin_Maierhofer_Wohnheim_gGmbH.pdf\" target=\"_blank\" rel=\"noopener\">Satzung_Augustin_Maierhofer_Wohnheim_gGmbH (68 KB | PDF)<\/a><\/p>\n<\/div>\t\t\t\t\t<\/div>\n\t\t\t\t\t\t<\/div>\n\t\t\t\t<\/div>\n\t\t\t\t\t\t<\/div>\n\t\t\t\t\t<\/div>\n\t\t<\/div>\n\t\t\t\t\t\t\t\t<\/div>\n\t\t\t\t\t<\/div>\n\t\t<\/section>\n\t\t\t\t<section class=\"elementor-section elementor-top-section elementor-element elementor-element-7ca7aafd elementor-section-boxed elementor-section-height-default elementor-section-height-default\" data-id=\"7ca7aafd\" data-element_type=\"section\">\n\t\t\t\t\t\t<div class=\"elementor-container elementor-column-gap-default\">\n\t\t\t\t\t\t\t<div class=\"elementor-row\">\n\t\t\t\t\t<div class=\"elementor-column elementor-col-100 elementor-top-column elementor-element elementor-element-15fbdca\" data-id=\"15fbdca\" data-element_type=\"column\">\n\t\t\t<div class=\"elementor-column-wrap elementor-element-populated\">\n\t\t\t\t\t\t\t<div class=\"elementor-widget-wrap\">\n\t\t\t\t\t\t<div class=\"elementor-element elementor-element-18b4bbf2 elementor-widget elementor-widget-spacer\" data-id=\"18b4bbf2\" data-element_type=\"widget\" data-widget_type=\"spacer.default\">\n\t\t\t\t<div class=\"elementor-widget-container\">\n\t\t\t\t\t<div class=\"elementor-spacer\">\n\t\t\t<div class=\"elementor-spacer-inner\"><\/div>\n\t\t<\/div>\n\t\t\t\t<\/div>\n\t\t\t\t<\/div>\n\t\t\t\t\t\t<\/div>\n\t\t\t\t\t<\/div>\n\t\t<\/div>\n\t\t\t\t\t\t\t\t<\/div>\n\t\t\t\t\t<\/div>\n\t\t<\/section>\n\t\t\t\t\t\t<\/div>\n\t\t\t\t\t\t<\/div>\n\t\t\t\t\t<\/div>\n\t\t","protected":false},"excerpt":{"rendered":"<p class=\"excerpt\">Die Lebenshilfe Cham e.V. so viel mehr als nur ein Verein Wir sind eine Selbsthilfevereinigung, die sich seit 1969 dem Wohl von Menschen mit geistiger Behinderung verpflichtet hat. Mitglieder in unserem Verein sind Menschen mit Behinderung, Angeh\u00f6rige, rechtliche Betreuer, F\u00f6rderer und Freunde. Entsprechend gro\u00df und umfassend ist der Erfahrungsschatz, auf den wir f\u00fcr unsere Arbeit [&hellip;]<\/p>\n","protected":false},"author":1,"featured_media":0,"parent":0,"menu_order":2,"comment_status":"closed","ping_status":"closed","template":"template-blank.php","meta":[],"_links":{"self":[{"href":"https:\/\/www.lebenshilfe-cham.de\/index.php?rest_route=\/wp\/v2\/pages\/187"}],"collection":[{"href":"https:\/\/www.lebenshilfe-cham.de\/index.php?rest_route=\/wp\/v2\/pages"}],"about":[{"href":"https:\/\/www.lebenshilfe-cham.de\/index.php?rest_route=\/wp\/v2\/types\/page"}],"author":[{"embeddable":true,"href":"https:\/\/www.lebenshilfe-cham.de\/index.php?rest_route=\/wp\/v2\/users\/1"}],"replies":[{"embeddable":true,"href":"https:\/\/www.lebenshilfe-cham.de\/index.php?rest_route=%2Fwp%2Fv2%2Fcomments&post=187"}],"version-history":[{"count":9,"href":"https:\/\/www.lebenshilfe-cham.de\/index.php?rest_route=\/wp\/v2\/pages\/187\/revisions"}],"predecessor-version":[{"id":767,"href":"https:\/\/www.lebenshilfe-cham.de\/index.php?rest_route=\/wp\/v2\/pages\/187\/revisions\/767"}],"wp:attachment":[{"href":"https:\/\/www.lebenshilfe-cham.de\/index.php?rest_route=%2Fwp%2Fv2%2Fmedia&parent=187"}],"curies":[{"name":"wp","href":"https:\/\/api.w.org\/{rel}","templated":true}]}}

<div data-elementor-type="wp-post" data-elementor-id="187" class="elementor elementor-187" data-elementor-settings="[]">
						<div class="elementor-inner">
							<div class="elementor-section-wrap">
							<section class="elementor-section elementor-top-section elementor-element elementor-element-1e0ed79f elementor-section-boxed elementor-section-height-default elementor-section-height-default" data-id="1e0ed79f" data-element_type="section">
						<div class="elementor-container elementor-column-gap-default">
							<div class="elementor-row">
					<div class="elementor-column elementor-col-100 elementor-top-column elementor-element elementor-element-10308f60" data-id="10308f60" data-element_type="column">
			<div class="elementor-column-wrap elementor-element-populated">
							<div class="elementor-widget-wrap">
						<div class="elementor-element elementor-element-123018ee elementor-widget elementor-widget-spacer" data-id="123018ee" data-element_type="widget" data-widget_type="spacer.default">
				<div class="elementor-widget-container">
					<div class="elementor-spacer">
			<div class="elementor-spacer-inner"></div>
		</div>
				</div>
				</div>
						</div>
					</div>
		</div>
								</div>
					</div>
		</section>
				<section class="elementor-section elementor-top-section elementor-element elementor-element-5c3c22b9 elementor-section-boxed elementor-section-height-default elementor-section-height-default" data-id="5c3c22b9" data-element_type="section">
						<div class="elementor-container elementor-column-gap-default">
							<div class="elementor-row">
					<div class="elementor-column elementor-col-100 elementor-top-column elementor-element elementor-element-7319f2f0" data-id="7319f2f0" data-element_type="column">
			<div class="elementor-column-wrap elementor-element-populated">
							<div class="elementor-widget-wrap">
						<div class="elementor-element elementor-element-8ef1b10 elementor-widget elementor-widget-heading" data-id="8ef1b10" data-element_type="widget" data-widget_type="heading.default">
				<div class="elementor-widget-container">
			<h2 class="elementor-heading-title elementor-size-large">Die Lebenshilfe Cham e.V.</h2>		</div>
				</div>
						</div>
					</div>
		</div>
								</div>
					</div>
		</section>
				<section class="elementor-section elementor-top-section elementor-element elementor-element-2886989c elementor-section-boxed elementor-section-height-default elementor-section-height-default" data-id="2886989c" data-element_type="section">
						<div class="elementor-container elementor-column-gap-default">
							<div class="elementor-row">
					<div class="elementor-column elementor-col-100 elementor-top-column elementor-element elementor-element-54a9bae2" data-id="54a9bae2" data-element_type="column">
			<div class="elementor-column-wrap elementor-element-populated">
							<div class="elementor-widget-wrap">
						<div class="elementor-element elementor-element-6b230a1a elementor-widget elementor-widget-text-editor" data-id="6b230a1a" data-element_type="widget" data-widget_type="text-editor.default">
				<div class="elementor-widget-container">
								<div class="elementor-text-editor elementor-clearfix">
				<p>so viel mehr als nur ein Verein</p>
<p></p>
<p><br></p><p>Wir sind eine Selbsthilfevereinigung, die sich seit 1969 dem Wohl von Menschen mit geistiger Behinderung verpflichtet hat. Mitglieder in unserem Verein sind Menschen mit Behinderung, Angehörige, rechtliche Betreuer, Förderer und Freunde. Entsprechend groß und umfassend ist der Erfahrungsschatz, auf den wir für unsere Arbeit zugreifen können.</p>
<p></p>
<p><br></p><p>Wir setzen uns dafür ein, dass Menschen mit geistiger Behinderung und ihre Familien so normal wie möglich leben können.</p>
<p></p>
<h2><br></h2><h2>Was wir machen</h2>
<p></p>
<p><br></p><p>Die Lebenshilfe Cham e.V. wurde 1969 als gemeinnütziger Verein gegründet. Sie ist eine unabhängige Selbsthilfevereinigung für Menschen mit Behinderung, für ihre Eltern und Angehörige, für Fachleute, Freunde und Förderer.</p>
<p>Die Lebenshilfe in Cham engagiert sich dafür, dass geistig behinderte Menschen ihre Persönlichkeit und ihre Fähigkeiten entfalten und in größtmöglicher Gemeinsamkeit mit allen Menschen leben können. So ist es ihr ein wesentliches Anliegen, behinderte Menschen die Selbstverwirklichung in sozialer Integration zu ermöglichen.</p>
<p>Neben dem Wohnen gilt auch die Arbeit als Grundbedürfnis des Menschen. Wir haben uns zur Aufgabe gemacht, Menschen mit Behinderung sowohl attraktive Angebote im Bereich Arbeit, als auch im Bereich Wohnen zu machen. Das haben wir mit unseren Einrichtungen die letzten Jahre hervorragend umgesetzt.</p>
<p></p>
<p>Unsere Wirkungsstätten</p>
<p></p>
<p><br></p><p>Gemeinsam mit unserem Partner vom VdK Bayern betreiben wir die Behindertenwerkstätten Oberpfalz Betreuungs GmbH, die in Cham und der Zweigstelle in Bad Kötzting derzeit ca. 450 Menschen mit Behinderung einen attraktiven Arbeitsplatz bietet, sowie die Wolfgang- Spießl-Wohnstätte in Cham, die 43 Menschen mit Behinderung eine abwechslungsreiche, erfüllende Wohnform bietet. Daneben unterhalten wir als Lebenshilfe noch das Augustin-Maierhofer-Wohnheim in Cham, das 38 Menschen mit Behinderung eine begleitete und beschützende Wohnform bietet.&nbsp; In den Werkstätten und Wohnheimen bieten wir 170 Menschen ohne Behinderung einen sicheren und attraktiven Arbeitsplatz.</p>
<p></p>
<p>Unsere Ziele</p>
<p></p>
<p><br></p><p>Menschen mit geistiger Behinderung sollen so normal wie möglich leben können und dazu jede Hilfe bekommen, die sie brauchen.</p>
<p>Dieses Normalisierungsprinzip entspricht unserem Betreuungsprinzip und repräsentiert das grundlegende Qualitätsziel unserer Einrichtungen.</p>
<p></p>
<p><strong><br></strong></p><p><strong>Satzung der Lebenshilfe Cham e.V.</strong></p>
<p><a href="http://lebenshilfe-cham.de/wp-content/uploads/2021/12/Satzung_Lebenshilfe_fuer_geistig_Behinderte_eV_Cham.pdf" target="_blank" rel="noopener">Satzung_Lebenshilfe_fuer_geistig_Behinderte_eV_Cham (84 KB | PDF)<br></a></p>
<p></p>
<div>
<p><strong><br></strong></p><p><strong>Satzung der Augustin-Maierhofer-Wohnheim gGmbH</strong></p>
<p><a href="http://lebenshilfe-cham.de/wp-content/uploads/2021/12/Satzung_Augustin_Maierhofer_Wohnheim_gGmbH.pdf" target="_blank" rel="noopener">Satzung_Augustin_Maierhofer_Wohnheim_gGmbH (68 KB | PDF)</a></p>
</div>					</div>
						</div>
				</div>
						</div>
					</div>
		</div>
								</div>
					</div>
		</section>
				<section class="elementor-section elementor-top-section elementor-element elementor-element-7ca7aafd elementor-section-boxed elementor-section-height-default elementor-section-height-default" data-id="7ca7aafd" data-element_type="section">
						<div class="elementor-container elementor-column-gap-default">
							<div class="elementor-row">
					<div class="elementor-column elementor-col-100 elementor-top-column elementor-element elementor-element-15fbdca" data-id="15fbdca" data-element_type="column">
			<div class="elementor-column-wrap elementor-element-populated">
							<div class="elementor-widget-wrap">
						<div class="elementor-element elementor-element-18b4bbf2 elementor-widget elementor-widget-spacer" data-id="18b4bbf2" data-element_type="widget" data-widget_type="spacer.default">
				<div class="elementor-widget-container">
					<div class="elementor-spacer">
			<div class="elementor-spacer-inner"></div>
		</div>
				</div>
				</div>
						</div>
					</div>
		</div>
								</div>
					</div>
		</section>
						</div>
						</div>
					</div>

<p class="excerpt">Die Lebenshilfe Cham e.V. so viel mehr als nur ein Verein Wir sind eine Selbsthilfevereinigung, die sich seit 1969 dem Wohl von Menschen mit geistiger Behinderung verpflichtet hat. Mitglieder in unserem Verein sind Menschen mit Behinderung, Angehörige, rechtliche Betreuer, Förderer und Freunde. Entsprechend groß und umfassend ist der Erfahrungsschatz, auf den wir für unsere Arbeit [&hellip;]</p>
